{"id":101,"date":"2023-08-15T07:44:32","date_gmt":"2023-08-15T07:44:32","guid":{"rendered":"https:\/\/www.ylikiiminginkoirametsa.fi\/?page_id=101"},"modified":"2024-07-09T21:37:58","modified_gmt":"2024-07-09T21:37:58","slug":"koirametsa","status":"publish","type":"page","link":"https:\/\/www.ylikiiminginkoirametsa.fi\/?page_id=101","title":{"rendered":"koiramets\u00e4"},"content":{"rendered":"\n<p><\/p>\n\n\n<!-- wp:themify-builder\/canvas \/-->","protected":false},"excerpt":{"rendered":"","protected":false},"author":1,"featured_media":0,"parent":0,"menu_order":0,"comment_status":"closed","ping_status":"closed","template":"","meta":{"_monsterinsights_skip_tracking":false,"_monsterinsights_sitenote_active":false,"_monsterinsights_sitenote_note":"","_monsterinsights_sitenote_category":0,"footnotes":""},"builder_content":"<p>Koiramets\u00e4 sopii aivan kaikille koirille! Aitauksen ansiosta koirat voi p\u00e4\u00e4st\u00e4\u00e4 juoksemaan ja leikkim\u00e4\u00e4n vapaana, ilman pelkoa koiran karkaamisesta. Koiramets\u00e4\u00e4 voi k\u00e4ytt\u00e4\u00e4 esimerkiksi retkeilyyn, koiran kanssa harjoitteluun tai koiratapaamisiin.<\/p> <p>Ylikiimingin koiramets\u00e4n alue on reilu kolme hehtaaria. Alue on aidattu kaksi metri\u00e4 korkealla verkkoaidalla. Verkkoaidan silm\u00e4koko on alhaalla 10x15 cm.\u00a0 Aita ei ulotu maan alle, mutta se on kiinnitetty tukevasti puilla alalaidasta, eli aidan ali ei p\u00e4\u00e4se koirat karkaamaan.\u00a0<\/p> <p>Koiramets\u00e4 varataan ja maksetaan netiss\u00e4. Voit varata vuoron my\u00f6s numerosta 045 7838 2476 (soitto tai whatsapp) tai s\u00e4hk\u00f6postilla jenna@ylikiiminginkoirametsa.fi.<\/p> <p>Ylikiimingin Koiramets\u00e4 sijaitsee Ylikiimingiss\u00e4, osoitteessa Vanharanta 29. Oulun keskustasta Koiramets\u00e4lle ajaa reilussa puolessa tunnissa ja Ylikiimingin keskustasta noin viidess\u00e4 minuutissa. Koiramets\u00e4lle tulee eritt\u00e4in hyv\u00e4 tie. Asfalttitie tulee l\u00e4hes perille asti ja viimeiset 200 metri\u00e4 on juuri kunnostettua soratiet\u00e4.<\/p>\n<img src=\"https:\/\/www.ylikiiminginkoirametsa.fi\/wp-content\/uploads\/2024\/07\/IMG_3316-scaled.jpg\" title=\"IMG_3316\" alt=\"IMG_3316\" srcset=\"https:\/\/www.ylikiiminginkoirametsa.fi\/wp-content\/uploads\/2024\/07\/IMG_3316-scaled.jpg 1920w, https:\/\/www.ylikiiminginkoirametsa.fi\/wp-content\/uploads\/2024\/07\/IMG_3316-225x300.jpg 225w, https:\/\/www.ylikiiminginkoirametsa.fi\/wp-content\/uploads\/2024\/07\/IMG_3316-768x1024.jpg 768w, https:\/\/www.ylikiiminginkoirametsa.fi\/wp-content\/uploads\/2024\/07\/IMG_3316-1152x1536.jpg 1152w, https:\/\/www.ylikiiminginkoirametsa.fi\/wp-content\/uploads\/2024\/07\/IMG_3316-1536x2048.jpg 1536w\" sizes=\"(max-width: 1920px) 100vw, 1920px\" \/>\n<img src=\"https:\/\/www.ylikiiminginkoirametsa.fi\/wp-content\/uploads\/2023\/10\/IMG_4920-scaled.jpg\" title=\"IMG_4920\" alt=\"IMG_4920\" srcset=\"https:\/\/www.ylikiiminginkoirametsa.fi\/wp-content\/uploads\/2023\/10\/IMG_4920-scaled.jpg 1920w, https:\/\/www.ylikiiminginkoirametsa.fi\/wp-content\/uploads\/2023\/10\/IMG_4920-225x300.jpg 225w, https:\/\/www.ylikiiminginkoirametsa.fi\/wp-content\/uploads\/2023\/10\/IMG_4920-768x1024.jpg 768w, https:\/\/www.ylikiiminginkoirametsa.fi\/wp-content\/uploads\/2023\/10\/IMG_4920-1152x1536.jpg 1152w, https:\/\/www.ylikiiminginkoirametsa.fi\/wp-content\/uploads\/2023\/10\/IMG_4920-1536x2048.jpg 1536w, https:\/\/www.ylikiiminginkoirametsa.fi\/wp-content\/uploads\/2023\/10\/IMG_4920-768x1024-400x533.jpg 400w, https:\/\/www.ylikiiminginkoirametsa.fi\/wp-content\/uploads\/2023\/10\/IMG_4920-768x1024-425x566.jpg 425w\" sizes=\"(max-width: 1920px) 100vw, 1920px\" \/>\n<p>Maasto on monimuotoista mets\u00e4\u00e4. Suurin osa alueesta on m\u00e4ntymets\u00e4\u00e4 ja alle hehtaarin alue on harvennettua taimikkoa. Koiramets\u00e4n alueelle on tehty runsaasti polkuja, joilla kulkeminen onnistuu pienill\u00e4kin tassuilla.<\/p> <p>Koiramets\u00e4 on avoinna ymp\u00e4ri vuoden, ja koiria saa pit\u00e4\u00e4 vapaana Koiramets\u00e4ss\u00e4 my\u00f6s kiinnipitoaikana. Koiramets\u00e4 on loistava mahdollisuus yll\u00e4pit\u00e4\u00e4 mets\u00e4styskoirien kuntoa mets\u00e4styskauden ulkopuolella.\u00a0<\/p> <p>Ihmisi\u00e4 varten alueella on nuotiopaikka, laavu, keinut ja kompostoiva kuivak\u00e4ym\u00e4l\u00e4.\u00a0 Nuotiopaikalla on valmiita polttopuita, joiden k\u00e4ytt\u00f6 kuuluu koiramets\u00e4n varausmaksuun. Omia puita ei siis tarvitse ottaa mukaan. Tulenteko on sallittua vain nuotiopaikalla, kun alueella ei ole voimassa mets\u00e4palovaroitusta.\u00a0<\/p> <p>Nuotiopaikalta l\u00f6ytyy mm.<br>- valmiit polttopuut<br>- sytt\u00f6puut ja tulitikut<br>- makkaratikut<br>- nokipannu, kahvia, sokeria ja kuppeja<br>- k\u00e4velysauvat<br>- puhdasta vett\u00e4<br>- juomakuppeja koirille<br>- herkkuja ihmisille ja koirille<br>- sammutuspeite<\/p> <p>Laita nuotioon tulet ja nauti ev\u00e4ist\u00e4 samalla, kun koirasi p\u00e4\u00e4see ulkoilemaan vapaana mets\u00e4ss\u00e4!<\/p>\n<p>Ylikiimingin Koiramets\u00e4n yritt\u00e4jin\u00e4 toimivat is\u00e4-tyt\u00e4r-kaksikko Jenna ja Jarmo Sivonen. Koirat ovat aina kuuluneet perheeseemme. Nykyiseen laumaan kuuluu suomenajokoirat Lasse (2020) ja Viljo (2022), sek\u00e4 koirajengin kuningatar sekarotuinen Elsa (2012).\u00a0<\/p>\n<img src=\"https:\/\/www.ylikiiminginkoirametsa.fi\/wp-content\/uploads\/2023\/10\/IMG_4405.jpg\" title=\"IMG_4405\" alt=\"IMG_4405\" srcset=\"https:\/\/www.ylikiiminginkoirametsa.fi\/wp-content\/uploads\/2023\/10\/IMG_4405.jpg 2422w, https:\/\/www.ylikiiminginkoirametsa.fi\/wp-content\/uploads\/2023\/10\/IMG_4405-300x253.jpg 300w, https:\/\/www.ylikiiminginkoirametsa.fi\/wp-content\/uploads\/2023\/10\/IMG_4405-1024x863.jpg 1024w, https:\/\/www.ylikiiminginkoirametsa.fi\/wp-content\/uploads\/2023\/10\/IMG_4405-768x647.jpg 768w, https:\/\/www.ylikiiminginkoirametsa.fi\/wp-content\/uploads\/2023\/10\/IMG_4405-1536x1294.jpg 1536w, https:\/\/www.ylikiiminginkoirametsa.fi\/wp-content\/uploads\/2023\/10\/IMG_4405-2048x1726.jpg 2048w\" sizes=\"(max-width: 2422px) 100vw, 2422px\" \/>","_links":{"self":[{"href":"https:\/\/www.ylikiiminginkoirametsa.fi\/index.php?rest_route=\/wp\/v2\/pages\/101"}],"collection":[{"href":"https:\/\/www.ylikiiminginkoirametsa.fi\/index.php?rest_route=\/wp\/v2\/pages"}],"about":[{"href":"https:\/\/www.ylikiiminginkoirametsa.fi\/index.php?rest_route=\/wp\/v2\/types\/page"}],"author":[{"embeddable":true,"href":"https:\/\/www.ylikiiminginkoirametsa.fi\/index.php?rest_route=\/wp\/v2\/users\/1"}],"replies":[{"embeddable":true,"href":"https:\/\/www.ylikiiminginkoirametsa.fi\/index.php?rest_route=%2Fwp%2Fv2%2Fcomments&post=101"}],"version-history":[{"count":29,"href":"https:\/\/www.ylikiiminginkoirametsa.fi\/index.php?rest_route=\/wp\/v2\/pages\/101\/revisions"}],"predecessor-version":[{"id":433,"href":"https:\/\/www.ylikiiminginkoirametsa.fi\/index.php?rest_route=\/wp\/v2\/pages\/101\/revisions\/433"}],"wp:attachment":[{"href":"https:\/\/www.ylikiiminginkoirametsa.fi\/index.php?rest_route=%2Fwp%2Fv2%2Fmedia&parent=101"}],"curies":[{"name":"wp","href":"https:\/\/api.w.org\/{rel}","templated":true}]}}